= -4*a + 220 - 4. Let z(i) = i**2 - 28*i - 6. Let n be z(30). Calculate the greatest common divisor of n and a.
54
Let u be (-2 + 8)*33/22. Let v be (-36)/u - (-4 + 0). Suppose -4*a = 2*g - 58, v*a - 4*g = -3*a + 16. Calculate the highest common divisor of a and 4.
4
Let p(x) = 91*x - 1537. Let i be p(17). Calculate the highest common factor of 30 and i.
10
Let d be (-931440)/(-204) + (-14)/(-119). What is the highest common divisor of 6 and d?
6
Let a be (4/(-8))/(6/(-72)). What is the greatest common factor of 6 and a?
6
Let q = -825 + 400. Let k = 711 + q. Calculate the greatest common factor of 26 and k.
26
Let y(p) = 10*p - 105. Let q be y(11). Suppose -3*m = 5*a - 1640, 44*m - 43*m - 1640 = -q*a. Calculate the highest common factor of a and 8.
8
Let i be 10 + -22 + 32 - -1316. What is the highest common divisor of i and 128?
8
Let p be 13644/228 + 30/190. What is the greatest common factor of p and 100?
20
Suppose -8*a + 80 = -0. Let h be (8/(-12))/(3/(-36)). What is the greatest common factor of a and h?
2
Let s be (-8)/(-24) + 42/9. Suppose -9*g + 232 = -s*g. Suppose -g = -3*v + 2. What is the highest common factor of v and 40?
20
Let l = 90 + -87. Suppose 2*g = u - 498, -l*g - 6 = -5*g. Calculate the greatest common divisor of 63 and u.
63
Let y be (28/(-21))/((-8)/9834). Calculate the highest common factor of 745 and y.
149
Suppose -5*g + 57 = 4*i - 166, 0 = -2*g - 2*i + 88. Suppose 52*j - 54*j + 1316 = 0. What is the highest common factor of g and j?
47
Suppose -2*d - 2*g = 3*d - 266, -g + 160 = 3*d. Let l = -236781 - -236811. What is the highest common divisor of d and l?
6
Let k = -58 - -575. Suppose -2*g + 86 = 2*j, 3*g - 2*g - 51 = j. What is the greatest common factor of k and g?
47
Suppose 46*k - 50*k = 4*v - 38416, -5*v - 3*k + 48012 = 0. Calculate the greatest common divisor of 75 and v.
75
Suppose -3*u + 18 = 3*u. Suppose -u*s + 27 + 18 = 0. Let f be 3*(-5)/s - -15. Calculate the greatest common divisor of 14 and f.
14
Let p = -319 - -340. Let g be (-2)/p - (-31780)/294. Calculate the highest common factor of 162 and g.
54
Suppose 4*f + 2 - 10 = -4*z, -4*f = -z + 12. Suppose -d - z = -3*y - 3*d, -2*d = 2. Suppose -36 = -y*r + 16. Calculate the greatest common divisor of r and 234.
26
Let d be (2*(1 - 8))/(0 - (-4 + 6)). Suppose y = -2*p + 73, -3*y - y + 5*p = -318. What is the highest common factor of y and d?
7
Let r(q) = 20*q - 5. Suppose 4*h - 6 = -2*c + 3*h, -8 = 4*h. Let b be r(c). Suppose -75 = g - 105. Calculate the greatest common divisor of g and b.
15
Let r(z) = -3*z**3 - z**2 + 5*z + 3. Let k be r(-5). Suppose 28536 = -401795*j + 401911*j. What is the greatest common divisor of k and j?
82
Let f(r) = -132 - 630*r**2 - 631*r**2 - 24*r + 1260*r**2. Let u be f(-9). Calculate the highest common factor of 87 and u.
3
Suppose 138*k - 1249 = 3581. What is the highest common factor of 10115 and k?
35
Let g = -477 + 500. Let i be g + (-5)/4*4. Calculate the highest common divisor of i and 162.
18
Suppose 0 = 2*n - 15*v + 19*v - 86, 0 = -3*n - v + 89. Calculate the greatest common divisor of n and 36099.
27
Let z(q) = -6*q**2 + 18*q + 28. Let v(i) = -7*i**2 + 19*i + 26. Let u(r) = -5*v(r) + 6*z(r). Let k be u(11). Calculate the highest common divisor of 210 and k.
30
Suppose 150297 = -78*s + 52*s + 47*s. What is the highest common divisor of s and 17?
17
Let i be 8 - 1 - (-8 + 0 + 13). Calculate the highest common divisor of i and 382.
2
Let a = -151 - -241. Let z = a - -53. What is the greatest common factor of z and 11?
11
Let r(l) be the third derivative of l**4/24 + 23*l**3/6 - 68*l**2. Let w be r(9). What is the greatest common factor of 128 and w?
32
Let t be (2/(-3) - -2)*(8 + -14). Let g(n) = -n + 9. Let s be g(t). Let x be (476/6)/(14/21). Calculate the highest common divisor of s and x.
17
Let q(l) = -80*l + 1447. Let u be q(16). Calculate the highest common divisor of u and 29893.
167
Suppose r + 234 = 2*k + 34, -r + 320 = 3*k. Calculate the greatest common factor of k and 858.
26
Let m = 156 + -2. Suppose -4*u - 55 - 49 = -5*l, 2*u = 8. Suppose -4 = -2*o + l. What is the highest common factor of m and o?
14
Let q = -2355 - -2491. Calculate the highest common factor of q and 5440.
136
Suppose -2931*f + 2934*f - 75 = 0. Suppose -3*m - 4*h = -155, 23*m - f*m - h + 105 = 0. Calculate the highest common factor of 848 and m.
53
Let m be (-13994)/(-14) - (-16)/(-28). Suppose 246 + m = 3*p. Suppose p = 8*i - 1. What is the greatest common divisor of i and 468?
52
Suppose -16 = 4*k, -5*b + 3129 + 16527 = -4*k. Calculate the highest common factor of b and 8.
8
Let c be (-27*20/(-210))/(3/1624). Calculate the greatest common factor of c and 624.
48
Let t be 111720/1008 - (-2)/12. Let b(p) = -p**3 + 7*p**2 - 5*p. Let m be b(5). Let s = t + m. What is the highest common factor of 17 and s?
17
Let i = -44 + 48. Suppose g = -i*s + 17, -3*g + 6 + 3 = -2*s. Suppose -g*u = 5*n - 0*u - 460, -5*n - 3*u = -468. What is the highest common divisor of n and 24?
24
Let j(g) = 2*g**3 + 3*g**2 - 45*g - 7. Let t be j(5). Suppose -2*s = 2*a - 54, 2*a + s + 128 = 6*a. What is the highest common divisor of t and a?
31
Suppose 300*t - 10281 = 23663 - 2144. What is the greatest common divisor of 477 and t?
53
Let t be 4 - 1 - 138/(-4) - (-2)/4. Suppose -3*s + l = -2508, 716 = -4*s - l + 4060. Calculate the highest common divisor of t and s.
38
Let g = -2490 + 5141. Calculate the highest common factor of g and 33.
11
Let j = -23401 - -23423. Calculate the greatest common divisor of j and 14102.
22
Let g = -84 - -91. Suppose v + 5*b + g = 0, 3*v + 4*b = 5*v - 56. Calculate the highest common divisor of 576 and v.
18
Let n = -224 + 226. Suppose 16*m - 157 = 14*m - 3*p, n*m = 3*p + 163. What is the greatest common divisor of 64 and m?
16
Suppose -h + 9 + 15 = -3*g, h - 4*g = 23. What is the highest common factor of 9531 and h?
27
Let u be (-1 - -1)*9/(-36). Let s be ((-136)/17)/(2 - u). Let a be 9*(s - (-68)/12). Calculate the highest common factor of a and 15.
15
Suppose -m - 6 = 0, 0 = -h - m + 193 - 67. Calculate the highest common factor of 308 and h.
44
Let i = 1737 + -1573. Calculate the greatest common factor of i and 20.
4
Let y(t) = 3*t**2 - t - 13. Let g = -24 - -21. Let i be y(g). Let d = -35 - -86. Calculate the greatest common factor of d and i.
17
Let w be ((-18)/(-3) - (-42 + 49))/((-2)/10). What is the greatest common factor of w and 700?
5
Let n = 67 + -60. Let o be n + 50 + -9 + 2. Calculate the highest common factor of o and 25.
25
Suppose -4*f + 43 = -121. Let m = -21 - f. Let o = m - -134. What is the highest common factor of 36 and o?
36
Suppose -43035 = -24*j - 3779 + 13664. Calculate the greatest common divisor of j and 180.
45
Let w = -2966 + 2984. What is the highest common factor of 990 and w?
18
Let l be (1 + -2*269)*(-5)/(-105)*-7. What is the highest common divisor of 11277 and l?
179
Let i(f) = 28*f**2 - 2*f + 46. Let d be i(-6). Suppose -76*p = -63*p - d. Calculate the greatest common divisor of p and 205.
41
Suppose -65*i + 90687 = 71*i - 25*i. Calculate the highest common divisor of 1462 and i.
43
Suppose 3*g = -2*n + 6, 11*n - 6 = 10*n - 3*g. Let p(b) = b**2 + 7*b + 84. Let y be p(n). What is the greatest common divisor of y and 12?
12
Let v be 269/(-1883) - 10907/(-7). What is the greatest common factor of v and 76?
38
Suppose -3*s - 153 = -4*f, 2*s + 3*s = 2*f - 87. Let n = 134 - 248. Let b = n - -118. Calculate the highest common divisor of f and b.
4
Suppose -3*c = -3*k + 324, 117*k + 317 = 120*k - 4*c. Calculate the highest common factor of 1195 and k.
5
Let t(a) = 2*a**3 - 4*a**2 - a + 3. Let l = -10 - -13. Let x be t(l). Let f = 27 - x. Calculate the highest common factor of f and 81.
9
Let i be 21/49 + (288/(-28))/(-4). Suppose -5*r = -2*r - 5*b - 378, 378 = i*r - 2*b. Calculate the greatest common factor of 54 and r.
18
Suppose -40*v = -2812 - 1588. What is the greatest common divisor of 470 and v?
10
Let c(x) = 65*x + 11*x + 64 + 292 + 28 - 29*x. Let w be c(-8). Calculate the greatest common factor of 220 and w.
4
Let i be ((310/(-1))/(-5))/((-10)/(-20)). Let f be 43*(-13)/(-2) - (-8)/(-16). Calculate the highest common factor of f and i.
31
Let f(d) = 6*d - 107. Let n be f(23). Suppose -n*m = -2*m